rs of p.
2, 5, 157
Let q be (((-60)/(-9))/(-4))/(3/(-11007)). Suppose -5*b - 975 = -q. List the prime factors of b.
2, 257
Let v be (3 + (-18)/(-3))/(2/(-94)). Let u = 427 + v. What are the prime factors of u?
2
Let u = 2 - 0. Suppose -68 = -87*d + 53*d. Suppose -d*t - 4*y + y + 126 = 0, u*t - 5*y - 142 = 0. What are the prime factors of t?
2, 3, 11
Let p = -25 - -29. Suppose 7*k + p = 60. List the prime factors of 37/(((-12)/k)/(-3)).
2, 37
Suppose 0*i - 7*i + 56 = 0. Suppose 4*z + 1284 = i*z. Suppose -3*v - z = -0*p - 3*p, 0 = -4*p - 3*v + 463. List the prime factors of p.
2, 7
Let b(f) = -26 + 22*f + 12*f**2 - f**2 + 0*f**2 + 5*f - f**3. List the prime factors of b(11).
271
Let x = -106 + 194. Suppose 2*m - 4*s = x, 2 = 3*s - 4*s. Suppose -m*i + 87 = -37*i. List the prime factors of i.
29
Suppose 5*j = 1664 - 559. Suppose 4*q + 16*r + 2 = 19*r, 4*q + 2*r - 8 = 0. List the prime factors of j + q + 2*10/(-5).
2, 109
Suppose 35*h = 27*h + 56. Suppose -h*x = -x - 2160. List the prime factors of x.
2, 3, 5
Suppose 4*n = t + t + 12, -4 = -4*t + n. Let x(g) = 6 + 12 + 13*g**t - 17 - 28*g - g**3. What are the prime factors of x(8)?
97
Suppose 4*u + 5 = -4*p + 77, -p = -5*u - 36. Let r(s) = -s + 24. Let k be r(p). Suppose a + 2*i = 124, 0 = k*a - i - i - 356. What are the prime factors of a?
2, 3, 5
Let k be (8/6 + (-12)/36)*-202. List the prime factors of -2*(k + -3 + -1).
2, 103
Let l(p) = 4*p**2 - 16*p - 70. Let r(d) = -d. Let a(s) = l(s) - 3*r(s). What are the prime factors of a(14)?
2, 7, 19
Let w = 59 - 57. Suppose -2*o - f = -432, o + w*o + 4*f = 658. List the prime factors of o.
2, 107
Suppose 77331 = -14*o + 310851. List the prime factors of o.
2, 3, 5, 139
Let j = -57081 - -85474. List the prime factors of j.
28393
Let f(h) = 7*h**3 - 3*h**2 + h. Let m be f(1). Let a be (m/((-100)/8) + 0)*-5. List the prime factors of (-5)/20 - (-241)/8*a.
2, 3, 5
Suppose 71 = 4*v + 3*z, -2*z = -v + 3*z + 35. Suppose 0 = 3*j - 8*j + 20. Suppose 327 = 4*l + r, -344 = -j*l - 4*r - v. What are the prime factors of l?
2, 41
Let c(v) = -v**3 + 22*v**2 + 187*v - 15 - 168*v + 2*v**3. List the prime factors of c(-20).
3, 5
Let u = -33 + 36. Suppose 6 = -u*r - 0*r. List the prime factors of (-2*(-123)/(-12))/(r/12).
3, 41
Let s be (-454)/10 + ((-161)/35 - -4). Let p = s - -408. Suppose -6*l + p = -160. What are the prime factors of l?
3, 29
Suppose 4*i + 19 = 31. Suppose i*r = -4*o + 1161, -5*r - 990 = -5*o + 435. What are the prime factors of o?
2, 3
Suppose 60550 = 32*j + 3*j. Let k = j + -924. List the prime factors of k.
2, 13, 31
Let s = -12490 + 22996. Suppose -8*u = -s + 3458. What are the prime factors of u?
881
Let d be (-32)/(-3) - 2/3. Let y be (2/(-6))/(115/(-3450)). List the prime factors of (84/d)/(y/75).
3, 7
Let o(w) = 5*w - 88. Let t be o(18). Suppose -t*p = 3*p - 2*k - 1104, 5*p - k - 1102 = 0. What are the prime factors of p?
2, 5, 11
What are the prime factors of (-1877)/((-236)/295 - 1/5)?
1877
Let w = 368 - 535. Let k(g) = -14*g**3 - g**2 - 1. Let t be k(2). Let r = t - w. What are the prime factors of r?
2, 5
Let d(u) = 4*u - 18. Let j be d(27). Suppose 34*z - j*z = -64680. List the prime factors of z.
3, 5, 7, 11
Suppose 0 = -3*h + 274 - 10. Let s = h + 265. Suppose 2*u = -5*k + 347, -4*u + s = -2*u + 3*k. List the prime factors of u.
181
Suppose -48 = -3*b + 3*l, -17 = -5*b + 4*l + 59. Let c(t) = -t**2 + 11*t + 12. Let h be c(b). Suppose h*u + 9*u - 1449 = 0. What are the prime factors of u?
7, 23
Let u = 143 - 146. Let f be ((-4)/(4/u)*-3)/(-1). Suppose -f*c - 834 + 3201 = 0. What are the prime factors of c?
263
Let p = 72 + 3. Let j = -1479 - -1481. Suppose -j*y + 3*q = 4*q - p, 0 = 5*y - 4*q - 155. List the prime factors of y.
5, 7
Let i be (-6 - -5)/((-4)/16). Suppose w = -8 + 3, -w - 17 = -i*x. Suppose -4*k + 190 = 2*j, 4*k - 5*j + x*j = 210. List the prime factors of k.
2, 5
Let c(u) = 10*u**2 + 47*u + 361. List the prime factors of c(-23).
2, 5, 457
Suppose 2*o - 171*b + 173*b = 11676, 0 = -4*o + 5*b + 23361. List the prime factors of o.
5839
What are the prime factors of (-236)/(-3)*((-3)/11)/((-8)/12364)?
2, 59, 281
Let a = -173 + 189. List the prime factors of (-8 - (-229)/2)*a/6.
2, 71
List the prime factors of (-49)/7 + (7/2 + -3)*35210.
2, 3, 7, 419
Let o = -9038 - -22117. What are the prime factors of o?
11, 29, 41
Suppose 0 = t + 3*t + 552. Let y = t + 552. Let v = -248 + y. List the prime factors of v.
2, 83
Suppose -4*o = -4*p - 170744, 22*o - 21*o = -4*p + 42721. What are the prime factors of o?
3, 7, 19, 107
Suppose -2*y - 52 = -46, -3*z = 5*y - 1038. Let b = 785 + z. What are the prime factors of b?
2, 71
Suppose -336 = -7*i - 329. What are the prime factors of -7 + i + 2 - -810?
2, 13, 31
Let p be (95/(-10))/(1/(-4)). Suppose -p*a = -10*a - 16296. List the prime factors of a.
2, 3, 97
Suppose -58222 = -13*q - 7*q + 208218. List the prime factors of q.
2, 6661
Let b = 46 - 48. Let h be 2/(4/(-3))*(4 + b). What are the prime factors of (17/h)/((-5)/45)?
3, 17
Let y(b) = b**2 + b + 2. Let u be y(-1). Let g be 17*4/(-8) + u/(-4). What are the prime factors of g/3 + 147 + -2?
2, 71
Let t(h) = 30*h**2 + 137*h + 158. What are the prime factors of t(25)?
23, 971
Suppose 0*o = -5*o + 24585. Suppose -25*d + o = -4183. What are the prime factors of d?
2, 7, 13
Suppose 130812 = 5*y + 3*w, -5*w = -55*y + 59*y - 104660. What are the prime factors of y?
2, 3, 5, 109
Let q(z) = -z**3 + 12*z**2 - 10*z - 15. Let a be q(11). Let t be (3 + -6)/(6/a). What are the prime factors of (t/(-6))/((-9)/1269)?
47
Let l(h) = h**3 - 6*h**2 - 4*h + 18. Let u be l(6). Let c(b) = -2*b**2 - 15*b - 14. Let m be c(u). What are the prime factors of -2*m/16*-296 - 4?
2, 3
Suppose -5*l + 2 = -48. Let i(z) = l*z + 0*z + z**3 - 48*z**2 + 51*z**2 - 8. List the prime factors of i(5).
2, 11
What are the prime factors of ((-12)/40*4)/((-4)/19860)?
2, 3, 331
Let z(r) = 0 - r**2 - r**3 + 11*r**2 - 4 + 16*r + 20. Let j be z(13). Let i = j - -411. What are the prime factors of i?
2
Let b(s) = 22*s**3 - 5*s**2 - 27*s + 12. What are the prime factors of b(4)?
2, 7, 11
Let x be -5 + 5 - (1 + -2)*1. Let j be 30 + -31 + x*1/(-1). What are the prime factors of 4816/84*(j - 1)*-1?
2, 43
Suppose 3*d + 12 = 4*w, -5*w + 3 + 12 = 5*d. Suppose -13*u + 368 = -451. Suppose d = 7*k - 4*k - u. List the prime factors of k.
3, 7
Let y(k) = -k + 3. Let a be y(-3). Suppose -a*d - 20 = -2*d, 5*d + 27 = u. Suppose u*j + j - 51 = 0. What are the prime factors of j?
17
Let m be 3 - -78*(0 + 2/(-3)). Let h = m - -50. What are the prime factors of 0 + h/(-4) + (-1251)/(-12)?
2, 13
Let m = -3362 + 13427. What are the prime factors of m?
3, 5, 11, 61
Suppose -12*p + 107843 - 23771 = 0. What are the prime factors of p?
2, 31, 113
Let w = 57 - 59. List the prime factors of w - (-1857)/7 - 18/63.
263
Let l = -91728 - -145291. What are the prime factors of l?
29, 1847
Let h(c) = c**2 - 4*c - 6. Let k be h(5). Let i be (2 - k) + (-84)/6. Let f = 43 - i. List the prime factors of f.
2, 3
Suppose -70*y = -65*y - 810. What are the prime factors of y/(-4)*-6 - (19 - 15)?
239
Suppose 0 = -28*b + 22*b - 168. Let r be (77/b - -2) + 22/8. Suppose -2*l + 118 + 362 = 4*s, -3*s = r*l - 360. What are the prime factors of s?
2, 3, 5
Let f = 473 + -302. Let p = 311 - f. What are the prime factors of p?
2, 5, 7
Suppose -4*k = -2*k + x - 56874, 3*k = 2*x + 85311. What are the prime factors of k?
3, 9479
Let p be (-25)/10 - (-1)/2. List the prime factors of (-24)/(-36)*(-3)/p - -378.
379
Let c(k) = 10926*k - 22. Let x be c(1). What are the prime factors of 14/98 + 1/(14/x)?
19, 41
Suppose -5*f + 755 - 2153 = u, 3*f + u + 840 = 0. Let c = 469 + f. What are the prime factors of ((-6)/(-15))/(2/c)?
2, 19
Let n = -1 + -3. Let z(f) = -f**2 - 6*f + 7. Let m be z(n). Suppose 0 = -11*s + m*s - 256. List the prime factors of s.
2
Let y(f) = -9*f**3 - 3*f**2 - 13*f + 50. Let z be y(6). Let a = -1209 - z. What are the prime factors of a?
13, 67
Let q(p) = -1057*p**3 - 4*p**2 + 4. Let f be q(-2). Suppose -21*y - 1514 = -f. What are the prime factors of y?
2, 3, 5, 11
Let h = -65 + 62. Let m be h/21 + 8612/14. Suppose 49*x - 44*x = m. List the prime factors of x.
3, 41
Suppose 115 = 3*s - 4*l - 173, 3*s = -4*l + 264. Suppose 